t = 2379541 + -1380684. Is t a composite number?
False
Suppose 0 = -431*l + 429*l + 12. Let n(x) = 280*x**2 - 19*x + 91. Is n(l) composite?
True
Let f(l) = 2*l**2 + l + 1. Let q be f(-1). Suppose -3*u + 16 = -q*s + 4*s, u = 4. Suppose -4*h - 3*t = -8621, -2*h + 6467 = h + s*t. Is h composite?
True
Suppose 17248 = -220*o + 234*o. Suppose 0 = -0*d + 2*d - 3506. Let k = d - o. Is k composite?
False
Let j = -243 + 506. Suppose -j*x + 250*x = -4927. Is x composite?
False
Let z = -67 - -85. Suppose -210 = 2*n - z. Let w = 31 - n. Is w composite?
False
Let v = -57483 - -114100. Is v a prime number?
False
Suppose 5*b + 5*p = 13300, -5*p - 25 = -0*p. Let s = -331 + 339. Suppose 3*x + b = s*x. Is x prime?
False
Let c(x) = x**3 - 18*x**2 + 115*x + 13. Is c(60) a composite number?
False
Suppose -9*d + 0*d = -4374. Let g be (11 - 10)/(1/d). Let n = g - -1163. Is n a composite number?
True
Suppose 5*l - 99 = -74. Suppose 0 = q + 2*i - 8, -l*i = 4*q - 1 - 25. Is 5 - 7095/(-10)*q a prime number?
True
Let d(l) = -l**2 + 3*l + 23. Let c be d(6). Suppose 7231 = 4*z + 2*o + o, -4*z = -c*o - 7223. Is z composite?
True
Suppose -3*z + 7 = 4*s, 0*z - z + 2*s + 9 = 0. Let g(k) = 1452*k + 23. Is g(z) prime?
True
Let h be ((-120)/32 + 3)*-4. Suppose h*r + 3*x - 8472 = 0, -11 - 9 = -4*x. Is r a prime number?
True
Suppose 151*v - 18*v - 2855111 = 0. Is v composite?
False
Let n be -7 - (-1)/(6/66). Suppose 4*g - 9751 = -z, -n*g + 7486 = -4*z + 46570. Is z a prime number?
True
Suppose 0 = 11*o - 1247194 + 349385. Is o prime?
True
Suppose -2*c + 55 = -153. Let n = -151 + c. Let v = n - -1114. Is v prime?
False
Suppose -5*a - 630 = w, -4*a - 420 = -4*w + 84. Let n be -1*(a/24)/(3/(-56)). Is -4 - n - (0 + 0) a prime number?
False
Suppose -f + 651611 = 2*l, 16*l = 19*l + 3*f - 977412. Is l a prime number?
True
Suppose 2*m = -a - 3, 4*a + 8*m = 3*m - 12. Let r be ((-52)/30 + (-8)/(-20))*a. Suppose p + 5*i - 700 = 1653, -9344 = -r*p - 3*i. Is p prime?
True
Let a(q) = 4928*q + 15. Let v be a(11). Suppose 9*k + v = 177064. Is k composite?
False
Suppose 2 = -0*q + q, -24 = -2*k - 3*q. Suppose 0 = -4*i + 4, -k*o + 4*o = i - 9616. Is o composite?
True
Let b(r) = -r**2 + 16*r - 52. Let u be b(7). Suppose 203784 = u*j + 13*j. Is j a prime number?
False
Let l = 7314 - 4901. Is l composite?
True
Suppose -5 - 1 = -2*j, -4*i - 4*j = -32. Let l(h) = -5*h - 9 + i*h**2 + 15*h**2 + 6*h + 11*h. Is l(5) composite?
True
Let k be ((-4)/16)/1 - 5/(-4). Let h(b) = 78*b - 13. Is h(k) a composite number?
True
Suppose 30*g = 44*g - 126. Is ((g - 1) + -1)*2221 composite?
True
Suppose 3*k = 2*h - 324247, -2*h + 5*k = -3*h + 162182. Is h prime?
False
Let a = 108 + -94. Suppose -a*w - 1242 = -5932. Is w a composite number?
True
Suppose 4*g + 44 = 4*q, -5*g = 5*q - 41 - 54. Suppose 30*j - 33*j = -q, -2*o - 4*j + 48654 = 0. Is o prime?
True
Let q(k) = 75*k**2 + 20*k - 1. Let z(y) = -y - 8. Let n be z(-2). Is q(n) prime?
True
Suppose -4*i + 48 = 3*a, -a - 2*i + 16 = -0*a. Suppose o - 5*o - a = 0. Is (-15)/(-10) - 2158/o prime?
True
Let d(g) = 116 - 277 + 158 + 17*g + 31*g**2. Let r = -3 + -4. Is d(r) composite?
True
Is 14*-1 - (-127 - 34826) a composite number?
False
Let a(j) = 178*j + 95*j - 49 - 64*j. Is a(8) a composite number?
True
Let d(h) = 21*h**2 + 4*h**3 + 13*h - 5*h + 9 - 8*h**2 - 5*h**3. Suppose 11*m = 9*m + 14. Is d(m) prime?
True
Let x(v) = -7*v + 2. Let t be x(2). Let a(h) = -h**2 - 9*h + 21. Let i be a(t). Is (-2)/i + 24069/45 a prime number?
False
Suppose s = -3 + 12. Suppose -2*z = -s*z + 28. Suppose f = 3*x - 2*x - 924, 0 = z*f + 20. Is x prime?
True
Let i(u) = -u**2 + 15*u - 10. Let v be i(14). Suppose -3*p + 14204 = -v*g + 5*g, -g = p - 4738. Is p a prime number?
True
Suppose -22*w + 10179606 - 843551 = -209679. Is w a prime number?
False
Let w = 62658 - 32599. Is w a composite number?
False
Suppose -504*g + 156817344 = -39494184. Is g a prime number?
True
Suppose -x = -3, 4*o - 8*o = -5*x - 65. Suppose -4*r = -2*q + 40286, -2*r + 6*r - o = 0. Is q composite?
True
Let p(h) = 45*h**3 + 2*h**2 + 8*h - 13. Suppose 12 = -4*c, -2*c = -v + 2*c + 14. Let j be 2*v + (0/1)/(-1). Is p(j) a prime number?
False
Let d = 5483 - 4744. Is d a prime number?
True
Suppose -5*l + 3*w = -125540, 2*w + 245 = 255. Is l a composite number?
False
Is -1 + 10313760/45 - (-4)/(-6) composite?
True
Let i = 94 - 94. Let f be (1 + i)*(-4)/(-3)*453. Let a = f + -223. Is a a prime number?
False
Let d = 74 - 67. Suppose -4*k = -d*w + 4*w + 35902, 0 = -5*k + 25. Is w composite?
True
Is 5208190/(-260)*(3 - 1)/(-1) a composite number?
False
Is ((-113683)/2)/(((-33)/(-22))/(-3)) composite?
False
Let m(k) = 3573*k**2 + 61*k + 441. Is m(-7) a composite number?
True
Let o(z) = -17*z**3 - 13*z**2 + 2*z - 11. Let l = 92 - 76. Let c be (4/5)/(l/(-120)). Is o(c) composite?
False
Suppose s + 89 = 90. Let k(l) = 12 + 10 - 11 + 169*l - 19*l. Is k(s) a composite number?
True
Let l be 2690 + (5/20 - 0)*4. Suppose 10*q - l = 3169. Is q a prime number?
False
Let l = 2444 + -590. Let o = l + -356. Suppose -o = -6*q - 262. Is q composite?
True
Let p(w) = w**3 - 6*w**2 + 22*w + 19. Let b be 15 + 108/(-26) + (-6)/(-39). Is p(b) a prime number?
False
Is 124937 - ((6512/99)/16 - 1/9) composite?
True
Let i(l) = l**3 - 12*l**2 + 7*l + 16. Let v(w) = -w**2 - w. Let x be 4/(2/1)*10/20. Let p(z) = x*i(z) - 3*v(z). Is p(9) prime?
False
Let n(t) = 1889*t - 138. Let r be n(9). Suppose 4*l + r = p, 5*p + 2*l = 80959 + 3400. Is p a prime number?
True
Is (-31 + 30)/((-319563)/1278204 + (-2)/(-8)) a prime number?
False
Let y be 1/(-1)*-139 + 1. Suppose 218*m = 235*m + 1547. Let r = y + m. Is r prime?
False
Let d = -7672 - -2811. Let h = -48 - d. Suppose f - 174 = -4*m + 1015, -h = -4*f + 3*m. Is f a prime number?
True
Suppose 721210 = 17*r - 190143. Is r prime?
True
Let q(w) = -975*w - 8. Let t = -185 + 180. Is q(t) a composite number?
True
Let i(s) = -s**3 - 8*s**2 + 11*s + 20. Let a be i(-9). Suppose -4*p = -a*w - 340, -3*w - 496 = -0*p + p. Is (-8)/36 - (-2)/((-36)/w) a prime number?
False
Let x = 2550801 - 1008344. Is x composite?
True
Is (-3)/(1 + -1 + 33/(-3081331)) a prime number?
True
Let w(x) = 18*x - 16*x + 0 + x**2 + 1. Let f be w(-3). Suppose f*h - 903 = -59. Is h a prime number?
True
Let a(r) = 3*r**2 - r. Let q be a(8). Suppose 4*g = p + 55, -4*p + 5*g = g + 160. Let i = p + q. Is i composite?
False
Let u(o) = -2 - o + 5 - 2*o - 6*o**2 - 2. Let d(f) = -f**2. Let q(n) = 3*d(n) - u(n). Is q(3) composite?
True
Is 41868/7 - (-9 + 1 + 456/56) prime?
True
Let g be (-26)/(-7) - (-50)/175. Suppose 2840 = -2*l + 7*l - 5*y, -g*l = -y - 2263. Is l prime?
False
Suppose -374506 = 100*i - 2207406. Is i a composite number?
False
Let g(o) = 65*o**2 + 5*o - 7 + 29 - 14 + 23*o**2. Is g(11) prime?
True
Is (4/(288/(-60)))/(6/(-44028)) a composite number?
True
Suppose 5*i + 0*c = 4*c + 23, -3*i + 3*c + 15 = 0. Let m(w) = -6*w**3 + 51 - 46 - 3*w**2 + 3*w**i + 12*w. Is m(-8) composite?
True
Suppose 0 = -8*j - 92 - 108. Let z(u) = 2*u**2 - 35*u - 30. Is z(j) a prime number?
False
Suppose 65*l - 166576 = -d + 70*l, 4*l + 333134 = 2*d. Is d composite?
False
Let l(j) = 2055*j**2 + 32*j + 199. Is l(-6) a composite number?
True
Let c(m) = 16*m + 98. Let q be c(-12). Let y = q + 357. Is y a composite number?
False
Let k be (5437 - (-5 - -3)) + -5. Suppose 0 = 4*a - 5*c - 31915, -a + 2576 = 5*c - k. Is a a composite number?
True
Suppose -40 - 62 = -17*f. Is (-4)/f + (-28316)/(-12) prime?
False
Let v(p) = 45*p - 10. Let i(n) = 45*n - 10. Let k(s) = 4*i(s) - 6*v(s). Let j be k(-11). Suppose -w = 3*t - 345 - j, 5*w = 4*t + 6813. Is w prime?
True
Let d(y) = -2*y**2 - 2*y - 2. Let q(g) = -7*g**2 + 9*g + 11. Let i(z) = 3*d(z) - q(z). Let j = -9 - 7. Is i(j) prime?
True
Let l(a) = 16*a - 376. Let i be l(40). Let n(j) = j**3 + 6*j**2 + j - 5. Let x be n(-9). Let m = i - x. Is m a prime number?
True
Let l = 27816 + 18898. Is l a prime number?
False
Let i be (-7)/35 - (41/(-5) + -2). Is (-12)/20 + 4916/i composite?
False
Is (-1043714)/(-26) + (-62)/(-403) prime?
False
Suppose 0 = -4*u - 5*y + 28665, 0 = 2*u + y - 3*y - 14310. Let g be -3*(u/12)/(-5) + -2. Suppose 0 = -3*p + 7*p - g. Is p composite?
False
Suppose -3*p = 5*a - 79511, 24*a - 26477 = -p + 29*a. Is p a prime number?
Tru